rime factors of (-2)/(-10) - (-2890)/c?
2, 29
Suppose 35 = -3*z - 2*z - 3*c, 0 = z - 3*c - 11. Let d be z + (-9)/(-3) + 30. Let u = -15 + d. What are the prime factors of u?
2, 7
Let x = -106 - -59. Let s = x - -53. List the prime factors of s.
2, 3
List the prime factors of 0 + 357 - -1 - -4.
2, 181
Let n(q) = 15*q - 2. Suppose f = 5*v - 14, -4*v = 3*f + f + 32. Let d = 11 + f. List the prime factors of n(d).
2, 7
Let c(t) = -t**2 + 7*t - 1. Suppose 2*h + 12 = 30. Let u be c(h). Let x = -9 - u. List the prime factors of x.
2, 5
Let p(v) = 2*v**2 - 2*v + 4. Let j be p(6). Let s = 49 - 32. Let q = j - s. List the prime factors of q.
47
Let x(o) = 110*o**3 - 1. Let v be x(1). Suppose 87*z - v = 86*z. List the prime factors of z.
109
Let h = 1172 + 827. What are the prime factors of h?
1999
Let p(x) be the first derivative of 37*x**2 - 12. What are the prime factors of p(1)?
2, 37
Suppose -10*d - 6*d = -13536. What are the prime factors of d?
2, 3, 47
Suppose 4*n + 10 = -3*l - 18, -5*l - 40 = 5*n. Let k = l - -31. What are the prime factors of k?
3
Let i = 111 + -106. Suppose -2*k = -i*c + 493, -3*c + 13 = -5*k - 298. What are the prime factors of c?
97
Let w be -2*2*25/4. Let a = w - -42. List the prime factors of a.
17
Let l be 50/(-18) - (-18)/(-81). List the prime factors of l - (3 - -53)*-1.
53
Let u = 56 - 4. Suppose -4*w = u + 12. Let v = w - -32. What are the prime factors of v?
2
Let y(n) be the first derivative of -2*n**2 - 37*n - 14. List the prime factors of y(-11).
7
Suppose -2*s = 744 - 2780. List the prime factors of s.
2, 509
Suppose -2*f + 2*m = 7*m - 1041, 1572 = 3*f - 3*m. List the prime factors of f.
523
Suppose 30 = 5*a + 10. Suppose 3*y + 11 = -a, -207 = -4*x - y. What are the prime factors of x?
53
Let j = 76 + -116. Let b = 69 + j. List the prime factors of b.
29
Let u = 95 - 119. What are the prime factors of (-150)/(-9)*u/(-20)?
2, 5
What are the prime factors of (120/6)/(6/9)?
2, 3, 5
Let g be ((-4)/4 - -1)/(-1). What are the prime factors of g - 2*(-35 + 1)?
2, 17
Let q be ((-37)/(-3))/((-1)/(-3)). Let k = 502 - 502. Suppose -m + q - 8 = k. List the prime factors of m.
29
Let w(f) be the first derivative of -6*f**2 - 3*f + 5. List the prime factors of w(-5).
3, 19
Let r(v) = 3 - 4 - v + 17. List the prime factors of r(-22).
2, 19
Suppose 14*q = 13*q - 30. Let n = 39 + q. What are the prime factors of n?
3
Let l = -34 + 42. Let b = l - 1. List the prime factors of b.
7
Let b be (65/10)/(1/2). Let s = b + -6. Let f = s - 2. List the prime factors of f.
5
Suppose -14*m + 17*m = -201. Let j = m + 146. List the prime factors of j.
79
Suppose 5*x - 8 = -3, 4*s - 10 = 2*x. Suppose -2*a = m - 3*a - 70, 2*m - s*a - 141 = 0. List the prime factors of m.
3, 23
Suppose 0 = 3*g - 4*w - 1, 2*w - 4 = -4*g + 12. Suppose 3*t - 2*r - 20 = -6, 4*r + 22 = g*t. List the prime factors of (-69)/(-6) - t/4.
11
Let p be (-522)/(-135) - 4/(-30). Suppose 1 = 5*w - p, 5*w = -2*v + 115. List the prime factors of v.
5, 11
Let f(x) = x**3 - 8*x**2 - 9*x + 8. Let k be f(9). Let q = -4 + k. Suppose -q*o + 201 = -i, 4*i + 154 = 3*o - 0*i. List the prime factors of o.
2, 5
Let x(j) = 20*j**2 - 65*j - 43. List the prime factors of x(-15).
2, 7, 97
Let q(s) = 14*s**2 + 2*s - 4. Suppose 10*t - 13*t - 6 = 0. List the prime factors of q(t).
2, 3
Suppose -5*c + 5363 = -3*s, -3*c - 10*s = -5*s - 3245. List the prime factors of c.
5, 43
Let j = -20 - -11. Let w = -3 + j. What are the prime factors of 39*(2 + w/9)?
2, 13
Let l(c) = 3*c**2 + 7*c - 2. Let a be l(-7). Suppose a = 3*d - 0*d. Suppose -2*z + d = -38. What are the prime factors of z?
5, 7
Let b = -7 + 10. Let o(m) = -2*m**2 + 5*m - 3. Let a be o(b). Let j(n) = -n**3 - 5*n**2 + 5*n + 8. List the prime factors of j(a).
2, 7
Let b(k) = 122*k - 335. List the prime factors of b(22).
3, 29
Let w = -6 - -11. Suppose 29 = -4*q + 5*q + 4*l, 0 = w*q + 5*l - 100. Suppose 0*p = -m - 2*p + 14, m = p + q. List the prime factors of m.
2
Suppose -11*h - h = -3276. List the prime factors of h.
3, 7, 13
Let a(d) = 7*d - 7. Let w be a(5). Suppose -5*s = -s + w. List the prime factors of (-142)/s + 10/(-35).
2, 5
Let g = 1217 - 865. What are the prime factors of g?
2, 11
Let l be (5/15)/(3/36). Suppose 0 = z - 5*f + 8 - 54, -133 = -l*z + 3*f. What are the prime factors of z?
31
Let g(a) = a**3 - 7*a**2 - 8*a + 3. Let u be g(8). Suppose 69 = u*l - 195. Let m = l - 62. List the prime factors of m.
2, 13
Let k(j) = 2*j**2 - 8*j - 6. Let l be k(6). Let z = -7 + l. Let n(r) = -r**2 + 11*r + 3. What are the prime factors of n(z)?
3
List the prime factors of 2*(-57051)/18*7/(-21).
2113
Let v = 3 - -2. Let m(i) = 3*i**2 + i. Let o be m(1). Suppose v*c + o*w = 175, -w = 4*c - 123 - 17. What are the prime factors of c?
5, 7
Let a(x) = -199*x - 76. List the prime factors of a(-5).
919
Let r be ((-21)/(-14))/(9/102). Suppose 0 = -r*n + 15*n + 266. List the prime factors of n.
7, 19
Suppose d + 1 - 2 = 0. Let o be 0 + (-3 - -29 - d). Let y = o + 5. What are the prime factors of y?
2, 3, 5
List the prime factors of 3492 - ((0/5 - -1) + 3).
2, 109
Let c(u) = u**3 + 5*u**2 + 5*u + 6. Let w be c(-4). Suppose 4*r = -0*r - 5*l + 107, -59 = -w*r + 3*l. What are the prime factors of r?
2, 7
Let z = -1023 + 2661. List the prime factors of z.
2, 3, 7, 13
Suppose 4*b + 44 = -4*y, y - 4*b + 12 = -3*y. Suppose -22*t - 3427 - 489 = 0. What are the prime factors of (-6)/14 + t/y?
5
Let p be ((-1300)/(-8))/(-5)*-12. List the prime factors of 6/21 - p/(-7).
2, 7
What are the prime factors of (-2 + 18/(-12))*-156?
2, 3, 7, 13
List the prime factors of 12/8*9468/27.
2, 263
What are the prime factors of ((-618)/4)/(63/(-210)) - 1?
2, 257
List the prime factors of (-142)/(-2) - (-2 - -6).
67
Suppose 3*i - 4 = 2*m - 17, -4*i - 2*m = 8. List the prime factors of -2 + 9/i + -1 + 99.
3, 31
Let q be (-171)/(-33) + (-6)/33. Suppose -q*z - 100 = -9*z. List the prime factors of z.
5
List the prime factors of 12/(-20) + 3666/10.
2, 3, 61
What are the prime factors of -5 + 9 + 690 - -8?
2, 3, 13
Suppose 3*f = 3*q + 8 - 2, -3*f + 4 = -4*q. Suppose 0 = -4*z + q*s + 302, 252 = 3*z - 2*s + 25. List the prime factors of z.
3, 5
Let t = 357 - 67. Let q = t - 73. What are the prime factors of q?
7, 31
Suppose 5*r - 2602 = 1498. List the prime factors of r.
2, 5, 41
List the prime factors of (-26 - -2)*71/(-4).
2, 3, 71
Let g = 96 - -321. List the prime factors of g.
3, 139
Let k(r) = 149*r**2 + 2*r + 2. Let m be k(-2). Suppose -5*x = -2*x - m. What are the prime factors of x?
2, 3, 11
Suppose -17*f = 24*f - 21033. List the prime factors of f.
3, 19
Let o(u) = -u**2 - 8*u + 12. Let m be o(-9). Let c be (2/m)/(1/69). Suppose c = 2*j - 2. What are the prime factors of j?
2, 3
Suppose -o + 4*l + 1004 = 0, -5*o - 4072 = -9*o + 2*l. What are the prime factors of o?
2, 3, 5, 17
Suppose 0 = 3*u + 2*d - 20, -u = 3*d - 13 - 3. Suppose l + 52 = 5*l + u*s, 2*l - 5*s - 54 = 0. List the prime factors of l.
17
Let g(i) = -6*i**2 - 2*i - 17. Let t(l) = -19*l**2 - 7*l - 53. Let v(n) = -7*g(n) + 2*t(n). What are the prime factors of v(7)?
11, 19
Suppose 2*j = 4*v - 2*v, 2*j - 5*v = 0. Suppose -3 = -w - j*w. What are the prime factors of -5*(1 - w) + 1?
11
Let n(a) = 105*a**2 + 2*a + 2. Let x be 77/(-44) + (-3)/(-4). What are the prime factors of n(x)?
3, 5, 7
Let y(a) = -7*a - 13. Let k be y(-5). Suppose 7 = -3*q + k. Suppose 0 = -q*n - 2*c + 29 + 42, -3*n = -3*c - 30. List the prime factors of n.
13
Let p = -79 + 51. Let k be -2 - (-280 + -2)/(-3). List the prime factors of k/p - (-6)/(-14).
3
Let j = -55 + 45. Let t(z) = 2*z**2 + 18*z - 3. List the prime factors of t(j).
17
Suppose 178 = x + 2*x + 5*l, -4*x + 209 = l. Suppose -v + x = 3*b, 0*b + 6 = 2*b. What are the prime factors of v?
2, 3, 7
Let x be 1/(-3) + (-1)/(6/(-20)). Suppose -x*g + 207 = -3*b, g + 5*b = 3*b + 75. List the prime factors of g.
71
Let f = 606 + 9. List the prime factors of f.
3, 5, 41
Suppose -2*a = -3*w + 6*w - 9, 0 = 2*w - 4*a - 22. Suppose 3*p - 4*s = -0*s + 43, -w*p - s = -110. List the prime factors of p.
3, 7
Suppose 3*r - f - 128 = 0, 0*r + 4*f + 225 = 5*r. List the prime factors of r.
41
List the prime factors of (-2973)/15*(-12 - 3).
3, 991
Suppose -2*p + 4*p - 24 = 0. Suppose 10*x + 124 = p*x + 2*t